1 (base 9) to base 13.
-1
Convert -2 (base 9) to base 13.
-2
10001100 (base 2) to base 10
140
What is -33 (base 14) in base 3?
-1200
Convert 87 (base 9) to base 10.
79
19 (base 16) to base 14
1b
-20 (base 6) to base 14
-c
Convert -51 (base 10) to base 15.
-36
What is 1000000 (base 2) in base 13?
4c
Convert 4 (base 7) to base 16.
4
What is -3 (base 14) in base 11?
-3
What is -44 (base 5) in base 9?
-26
Convert 4d (base 14) to base 10.
69
Convert -254 (base 6) to base 15.
-71
What is 8 (base 16) in base 10?
8
Convert 34 (base 13) to base 9.
47
Convert -24 (base 12) to base 13.
-22
What is -1 (base 5) in base 9?
-1
-2001 (base 3) to base 5
-210
Convert -2 (base 6) to base 8.
-2
Convert -3 (base 13) to base 2.
-11
Convert 2 (base 16) to base 2.
10
8 (base 9) to base 7
11
What is -10 (base 2) in base 8?
-2
What is 5 (base 13) in base 8?
5
Convert 33 (base 5) to base 15.
13
What is 35 (base 12) in base 10?
41
13 (base 4) to base 12
7
What is -2211 (base 4) in base 7?
-324
Convert 34 (base 5) to base 11.
18
What is -2 (base 5) in base 10?
-2
Convert -2 (base 9) to base 11.
-2
Convert -a (base 14) to base 2.
-1010
-6 (base 14) to base 10
-6
Convert -4 (base 5) to base 2.
-100
100110 (base 2) to base 3
1102
132 (base 6) to base 16
38
-8 (base 10) to base 8
-10
What is -2 (base 15) in base 3?
-2
Convert -30 (base 5) to base 13.
-12
16 (base 9) to base 12
13
What is 3 (base 14) in base 12?
3
What is -3 (base 6) in base 8?
-3
-13 (base 10) to base 9
-14
What is -6 (base 14) in base 9?
-6
Convert -13 (base 4) to base 3.
-21
-4 (base 10) to base 2
-100
What is -3 (base 9) in base 13?
-3
What is -4 (base 14) in base 12?
-4
What is -3b (base 12) in base 11?
-43
-1 (base 5) to base 12
-1
Convert 6 (base 8) to base 14.
6
Convert -41 (base 12) to base 8.
-61
0 (base 14) to base 11
0
Convert 2 (base 11) to base 4.
2
-1220 (base 4) to base 6
-252
What is 5 (base 10) in base 9?
5
Convert 11 (base 10) to base 11.
10
60 (base 10) to base 8
74
Convert -45 (base 8) to base 9.
-41
What is 4 (base 13) in base 7?
4
Convert 0 (base 10) to base 6.
0
-5 (base 11) to base 14
-5
-3 (base 16) to base 12
-3
Convert -111 (base 3) to base 15.
-d
What is 101 (base 2) in base 13?
5
What is -3 (base 12) in base 7?
-3
Convert 1 (base 8) to base 9.
1
What is 174 (base 13) in base 3?
100210
1b (base 12) to base 8
27
What is -2 (base 4) in base 2?
-10
What is -2 (base 5) in base 13?
-2
Convert 0 (base 5) to base 15.
0
What is 7 (base 14) in base 6?
11
Convert 1 (base 10) to base 6.
1
Convert 5 (base 7) to base 10.
5
What is -4 (base 12) in base 11?
-4
13 (base 7) to base 5
20
11 (base 16) to base 5
32
Convert -11 (base 9) to base 14.
-a
Convert -121 (base 11) to base 10.
-144
0 (base 16) to base 5
0
What is 17 (base 9) in base 11?
15
Convert 414 (base 6) to base 13.
bb
Convert -82 (base 14) to base 8.
-162
Convert -2 (base 9) to base 7.
-2
Convert 0 (base 12) to base 9.
0
-14c (base 16) to base 14
-19a
Convert 0 (base 2) to base 14.
0
-1 (base 12) to base 13
-1
-3 (base 10) to base 12
-3
Convert -1 (base 11) to base 3.
-1
22 (base 5) to base 10
12
What is 1 (base 13) in base 9?
1
What is 10 (base 2) in base 13?
2
-25 (base 14) to base 8
-41
Convert 44 (base 15) to base 13.
4c
20 (base 9) to base 12
16
What is 55 (base 7) in base 14?
2c
Convert -3 (base 8) to base 4.
-3
What is 2 (base 3) in base 7?
2
aa (base 14) to base 13
b7
What is -1103 (base 6) in base 9?
-313
-73 (base 11) to base 9
-88
Convert -10 (base 14) to base 15.
-e
What is bc (base 13) in base 4?
2123
Convert 13 (base 9) to base 4.
30
What is -107 (base 8) in base 13?
-56
What is -13 (base 5) in base 13?
-8
Convert -222 (base 3) to base 15.
-1b
6 (base 9) to base 7
6
What is 10 (base 10) in base 2?
1010
-2 (base 3) to base 13
-2
What is -3 (base 7) in base 16?
-3
1 (base 4) to base 6
1
What is 4 (base 12) in base 13?
4
Convert 22 (base 3) to base 4.
20
-1 (base 13) to base 15
-1
What is 0 (base 6) in base 11?
0
Convert 1013 (base 6) to base 2.
11100001
Convert -2 (base 6) to base 14.
-2
Convert -12 (base 6) to base 4.
-20
Convert 10 (base 15) to base 4.
33
What is 10 (base 14) in base 15?
e
What is -14 (base 5) in base 9?
-10
What is -1 (base 13) in base 12?
-1
What is 4 (base 9) in base 5?
4
What is 1111000 (base 2) in base 5?
440
8 (base 10) to base 16
8
What is 11 (base 13) in base 3?
112
Convert 0 (base 9) to base 3.
0
Convert 12 (base 11) to base 12.
11
What is -10 (base 5) in base 12?
-5
Convert -3 (base 5) to base 14.
-3
Convert 22 (base 5) to base 16.
c
Convert 1432 (base 5) to base 6.
1042
-70 (base 11) to base 16
-4d
-3 (base 12) to base 16
-3
-6 (base 9) to base 3
-20
What is -5 (base 7) in base 16?
-5
What is -1010110 (base 2) in base 15?
-5b
-17 (base 9) to base 7
-22
Convert 52 (base 16) to base 9.
101
Convert 22 (base 10) to base 8.
26
What is -10101010 (base 2) in base 13?
-101
Convert 21020 (base 3) to base 2.
11000011
Convert -54 (base 6) to base 3.
-1021
Convert -21 (base 14) to base 4.
-131
Convert -22 (base 6) to base 5.
-24
What is 0 (base 10) in base 7?
0
What is 90 (base 14) in base 7?
240
Convert 3 (base 7) to base 11.
3
Convert 1 (base 12) to base 14.
1
What is 2 (base 10) in base 16?
2
-6 (base 7) to base 3
-20
What is 135 (base 10) in base 13?
a5
What is -5 (base 11) in base 15?
-5
Convert 5 (base 10) to base 6.
5
What is 1122 (base 3) in base 14?
32
What is -1 (base 7) in base 4?
-1
What is 220 (base 5) in base 16?
3c
60 (base 10) to base 7
114
What is 3 (base 7) in base 9?
3
-23 (base 11) to base 16
-19
What is 2 (base 10) in base 2?
10
Convert 1 (base 3) to base 4.
1
What is 1c (base 15) in base 10?
27
Convert 19 (base 14) to base 11.
21
Convert 3 (base 5) to base 13.
3
What is 17 (base 9) in base 7?
22
22021 (base 3) to base 7
436
7 (base 10) to base 7
10
Convert 2 (base 11) to base 10.
2
-11111 (base 2) to base 16
-1f
1010 (base 2) to base 8
12
Convert -3 (base 15) to base 16.
-3
7 (base 10) to base 5
12
What is 6 (base 14) in base 8?
6
-3 (base 15) to base 9
-3
-e (base 15) to base 6
-22
What is -3c (base 14) in base 6?
-130
Convert 0 (base 5) to base 12.
0
What is 102 (base 4) in base 16?
12
Convert 52 (base 15) to base 9.
85
-221 (base 3) to base 9
-27
Convert 57 (base 15) to base 4.
1102
What is -2d (base 16) in base 4?
-231
-1 (base 6) to base 9
-1
Convert 46 (base 11) to base 4.
302
What is b (base 14) in base 15?
b
Convert 84 (base 12) to base 15.
6a
Convert 651 (base 7) to base 8.
512
What is 1101 (base 5) in base 9?
177
-12 (base 7) to base 9
-10
What is -1210 (base 4) in base 10?
-100
Convert 545 (base 7) to base 12.
1b2
What is -4 (base 7) in base 14?
-4
Convert -2 (base 12) to base 14.
-2
b3 (base 14) to base 2
10011101
What is 117 (base 13) in base 6?
513
-2 (base 9) to base 6
-2
111101 (base 2) to base 3
2021
-31 (base 13) to base 2
-101000
-6 (base 12) to base 10
-6
What is -5 (base 10) in base 6?
-5
What is -101000 (base 2) in base 16?
-28
26 (base 16) to base 2
100110
What is -16 (base 16) in base 14?
-18
2a (base 14) to base 9
42
146 (base 12) to base 10
198
What is -5 (base 6) in base 7?
-5
-5 (base 6) to base 10
-5
What is 33 (base 14) in base 10?
45
Convert 2 (base 4) to base 3.
2
Convert -120 (base 3) to base 7.
-21
Convert 55 (base 7) to base 13.
31
-6 (base 12) to base 16
-6
What is 2 (base 3) in base 15?
2
-3 (base 10) to base 3
-10
What is -12 (base 8) in base 13?
-a
Convert -4 (base 12) to base 5.
-4
-55 (base 12) to base 8
-101
-103 (base 6) to base 10
-39
-5 (base 8) to base 15
-5
Convert -7 (base 9) to base 16.
-7
What is -8 (base 14) in base 12?
-8
3 (base 14) to base 3
10
-6 (base 7) to base 6
-10
What is -13 (base 4) in base 16?
-7
Convert 2 (base 15) to base 6.
2
Convert -100 (base 8) to base 9.
-71
Convert -2 (base 11) to base 14.
-2
16 (base 7) to base 5
23
158 (base 11) to base 13
112
What is 1cb (base 15) in base 4?
12200
What is 64 (base 7) in base 13?
37
-c (base 13) to base 3
-110
-ce (base 15) to base 3
-21012
What is 1110 (base 3) in base 12?
33
21 (base 3) to base 7
10
What is -9 (base 10) in base 2?
-1001
What is -2 (base 5) in base 11?
-2
What is -10 (base 4) in base 9?
-4
What is -1100110 (base 2) in base 8?
-146
What is 211 (base 4) in base 10?
37
1 (base 16) to base 14
1
What is -117 (base 11) in base 4?
-2023
15 (base 9) to base 15
e
Wha